- 18 - (-8 + (29 - 7))?
-28
What is -10 + (-5 - 113 - (183 + -218))?
-93
-165 + 180 - (4 - 2 - 7)
20
What is (51 - (23 + -18 + -12)) + 5?
63
Calculate 8 + (22 - (18 - -30)) - -23.
5
What is the value of (88 - (82 + -46)) + -67?
-15
What is the value of -137 - (-172 + -113 + 112)?
36
What is the value of (-19 - -1) + -32 + 50 + 10 + 27?
37
What is the value of 3 + -17 - (43 + -12 - 0 - 23)?
-22
Calculate 2 + -82 + 30 + 80.
30
What is 27 + (1 + 0 - (378 + -366) - (-9 + 1))?
24
What is the value of -36 + (102 - (41 - -1))?
24
What is the value of 5 + (-48 - 14) + 14?
-43
Evaluate (2 + -12 + 5 - -32) + -4 + -11 + 114.
126
18 - 55 - -38 - (1 + -22)
22
-1 + -64 - -89 - 40
-16
Evaluate -31 + (47 - 46) + 9.
-21
Calculate (-3 - -3) + (-12 + 22 + -2 - -28).
36
What is 0 - -6 - (-36 + 32) - (-7 + -54)?
71
What is the value of -24 + -10 + (11 - (-31 - -20))?
-12
Evaluate (11 - -6) + 64 + -60 - -20.
41
What is (51 - (-28 - (-60 + -3))) + 48?
64
Calculate (-1 - 6) + 153 + -141.
5
What is (-56 - -54) + (4 - (-3 + 5 + 1)) - 5?
-6
Calculate -5 + 15 + (2 + -24 - (6 + -1)).
-17
What is (-6 - (-53 - -17)) + (-7 - 105)?
-82
What is the value of (1 + -2 - -17 - (6749 - 6742)) + -10 + 1?
0
What is -31 + 2 - (129 + -55 + -57)?
-46
What is the value of 0 - 10 - (24036 - 24037)?
-9
What is -64 + 40 - -23 - (19 - (0 + -1))?
-21
Evaluate (67 + -80 - (8 - 1)) + (-45 - -35).
-30
Calculate 11 + -19 + 3 + (-108 - -100).
-13
Evaluate -154 - (-23 - -2 - (-91 + 48 - -43)).
-133
What is the value of 0 - (21 - 48) - (7 + 105)?
-85
Evaluate (28 - 19) + (6 - (-1 - 3 - -12)).
7
What is the value of -3 - ((-4 - (65 - 63)) + (0 - -36))?
-33
(1 + 1 - -5 - 18) + -18
-29
What is -35 + 33 - (6 - -12) - (2 + 6)?
-28
What is -1 + 31 + -4 + 126 + -231?
-79
-7 - -1 - (58 + 100 - 146)
-18
What is the value of -8 + -2 + (-4 + 23 - 26)?
-17
Calculate 6 + (5 - (0 - (-2 + 1) - (-139 + 139))).
10
8 + 7 + (-10 - (-6 - (-7 + -4))) + 3
3
Calculate -454 + 459 - (8 + -6 - (39 + 1)).
43
Calculate 6 + -5 + -5 + 0 - -14 - 9.
1
Evaluate (-80 - -72) + (-35 - 12).
-55
154 - 130 - (-33 + -10)
67
What is the value of 30 + -203 + 201 + 1 + -71?
-42
11 + -9 + 0 - ((1 - 2) + 4)
-1
Evaluate -5 + 27 + (-24 - -1) - -2.
1
What is -1 + 11 - (8 + -60 + -19 + 36)?
45
What is 95 + 31 + -24 + -29 + -4?
69
Evaluate 15 - -36 - -47 - 55.
43
What is the value of -34 - (15 + 34 + -46 + 14)?
-51
What is 73 + 98 + -86 - 190?
-105
Calculate 185 - 75 - 136 - (8 + -1).
-33
(72 - -27) + (62 - 116)
45
Calculate 7 + -4 - (4 - -29) - (-22 - -29).
-37
Calculate -63 + 26 + -21 + 32 + 64.
38
Evaluate 0 + 8 + 1 + -17 + (29 - 2) + -9.
10
What is -110 + 51 - -51 - (-3 + 5 - (1 - -52))?
43
What is 8 + 8 - (835 - 926)?
107
Evaluate (-79 - -44) + 81 + -111 - (-2 - -10).
-73
What is the value of 23 + -5 + -76 + (-13 - 17 - -15)?
-73
Evaluate 9 - -9 - -6 - (-19 + (11 - 58)).
90
What is (-11 - (5 + 0)) + 54 + -56?
-18
What is -19 + 67 + -70 + 79?
57
Evaluate -72 + (135 - 25) + -179.
-141
Evaluate (93 - 0) + -340 + (-249 - -553).
57
-27 - (-54 + 76 - 4)
-45
Evaluate 0 + 75 - ((-15 - -3 - -14) + 14 - 2).
61
What is the value of 4 + 14 + -242 + 278?
54
Evaluate -3 + (-8 - -4 - -9) - (60 - 93).
35
-14 + 1 - ((23 - 27 - -36) + 36)
-81
Evaluate 18 - (18 + 12 - 6) - ((-1 - -2) + 39).
-46
Evaluate ((-1 + 5 - 15) + 8 - 10) + 22.
9
What is the value of 7 + (-1 - -2) - (87 + (85 - 162))?
-2
What is the value of (0 - -5) + -24 - ((-30 - -18) + -4)?
-3
What is 3 + 43 - (-1 + -3) - (3 - (49 + -51))?
45
-53 + -36 + 12 + 31
-46
Evaluate (60 - 46) + -67 + 9.
-44
What is the value of -5145 + 5132 + (0 - (1 + 1)) + -53?
-68
What is 32 + -26 + 1 + -17?
-10
Evaluate -42 + -35 + 97 + 6 + -7.
19
What is -9 - (-26 + 9) - (4 + -4) - (-32 - -53)?
-13
-20 + (12 - -11) + (-4 - (-2 - 0)) - 58
-57
Calculate (1 - -35) + 105 + -125 + 4.
20
What is (20 - (-17 - 0 - -107)) + (-5 - 1)?
-76
What is -4 + (-41 - (-4 + (5 - 24) + 11))?
-33
Evaluate 12 + (50 - 25) - (-4 - -1 - -10).
30
What is the value of (-128 - -105) + 44 - (18 + (-7 - -2))?
8
Evaluate -4 - 11 - -3 - (-976 - -893).
71
Evaluate -76 + (15 - (-159 - -52)).
46
Calculate -5 - -36 - (-3 - (-2 + -25)).
7
-1 - 69 - -2 - (9 - (54 + 9 + -47))
-61
Evaluate (-38 - -63) + -13 + -69.
-57
-2 + -3 + (-61 + (15 - 6) - -8)
-49
What is -35 + 5 + 7 + 3 + -6 - (-440 + 445)?
-31
What is -6 + -50 + 592 + -596?
-60
What is -4 - ((81 - 77 - (95 - 0) - -12) + -7)?
82
Calculate -17 - 0 - (-2 + 0) - (-3369 - -3366).
-12
-10 - (0 - (-23 - -16)) - -10 - 57
-64
Calculate 4 + (-2 - -4 - 4) + (-39 - 67 - -148).
44
-28 - (-93 - (-87 - -25))
3
What is (26 + -19 - 22) + -1 + 61?
45
What is the value of (37 - 1) + (-26 + 0 - (1098 - 1089)) + 35?
36
Calculate (6 - (24 - 36)) + 43.
61
-60 - (-68 - -53 - 33)
-12
Calculate -166 + 109 + -7 - (-5 - -37).
-96
(6 - (-10 + 6)) + -47 - (9 - 6)
-40
Calculate -19 - (67 + -29 - 56).
-1
What is the value of 2 + -3 - 11 - (-36 + -51 + 22 - -57)?
-4
-35 + (67 - (190 - 81))
-77
What is -263 - -276 - (66 + 9)?
-62
What is -79 + (-12 - -8) + 11 - ((30 - 15) + -21)?
-66
What is the value of (-45 - -10) + 31 - (6 - (4 + 36))?
30
Calculate (0 - 5) + 34 + (13 + -7 - 16) + 8.
27
Calculate -6 + 6 + -83 + 18 + 3 + 1.
-61
(10 - 10 - 14) + -2 + 12 + -80
-84
Calculate -35 - (-38 - (-65 - -76)).
14
What is the value of -92 + (76 - (46 - -36))?
-98
What is the value of (-12 - (110 + -11)) + (4 - -11 - 35)?
-131
Evaluate -8190 + 8243 - (1 - -11).
41
What is 8 + 42 + -50 + 100 + 0 + 3?
103
What is the value of -25 + 3 - (-65 + 150 + -38)?
-69
Evaluate -4 + 9 - 10 - -74 - (-73 - -76).
66
What is the value of (8578 - 8433) + -1 + -88?
56
0 - (-114 + 2 - -67)
45
Calculate 5 - -2 - (-39 - -51 - -72).
-77
What is 16 - -4 - 19 - (-1 + 0) - -18?
20
(-3 - 2) + (89 - (73 - 0))
11
What is the value of (-8 - (-55 - (-35 - -21))) + -1 + 2 + -12?
22
4077 - 4120 - (1 + -1)
-43
23 - 0 - (-27 + (-40 - -115))
-25
What is the value of (53 - 23) + 8 - (-35 - -3)?
70
Evaluate (1 - 89) + -3 - (-95 + 21 + 64).
-81
What is -48 - ((25 + -11 - 22) + 21)?
-61
Calculate (76 - 0 - (-79 - -57)) + (1 + 3 - -10).
112
What is 15 - (5 - (-17 + 17)) - (-1 + 20) - 25?
-34
Evaluate -228 + 186 - (28 + (-19 - -3)).
-54
What is the value of -89 - (0 + 1 + (-27 - -31) + 4 - -2)?
-100
Evaluate -57 - (-72 + -16 + -2).
33
(-9 - -8) + -16 - (-90 - -137) - 23
-87
What is the value of (25 + -39 + 3 - 17) + (5 - -3)?
-20
Evaluate (-1 + -1 + 8 - 54) + (47 - 39).
-40
What is 9 - (-2 + (2 - 3)) - (13 - (12 - -14))?
25
What is the value of -164 + 143 + -1 + 42 - -21?
41
What is 10 - 22 - (-9 - 10) - (-23 + -7 + 1)?
36
Evaluate (0 - -54) + 11 + (-6 + 8 - -12) + -13.
66
Evaluate 16 + (-32 - (17 - 38 - -12)).
-7
(0 - 13) + 2503 + -2529
-39
Evaluate 79 + -51 - (-3 + 6 + -27).
52
9 + (-2 - (5 - (-7 - -11))) - (-10 - 1)
17
Calculate 13 - (-13 + (-14 - -56) + 53).
-69
What is the value of 20 - (100 - 88) - (2 - (-1 + 29)) - -11?
45
What is the value of (56 - (-15 + 32 + 27)) + 39 + 2?
53
Evaluate (5 - (-6 + 11) - 11) + (-3 - 5).
-19
What is (4 - (11 + 8)) + 2 + 25 - (2 - 10)?
20
Calculate -15 + (-63 - ((-4 - 14) + -12)).
-48
Evaluate 5 + 1 - (106 - 118 - (1 + (-13 - 3))).
3
2 + (8 - 1) + -15 + 21 + 13 + -6
22
Calculate -60 + (45 - -1 - 27) + 23.
-18
-6 + 0 - (-237 + 8 - -326)
-103
Calculate (14 + (-1 - 2) - -4) + (457 - 460).
12
(3 - (1 + 99)) + (89 - 107) + 37
-78
-6 - ((52 - -12 - (21 + -4)) + -25)
-28
Calculate -3 + 25 - ((-4 - -5) + -6).
27
What is the value of -3 + -136 + 38 + -9 + 7?
-103
What is the value of 1 + 2 + -15 + 9 - 63 - (7 + -8)?
-65
Evaluate 26 - (19 - (54 + -42)).
19
Calculate (-10 - -26 - -133) + 15 + -29 + -5.
130
Calculate -1 + (41 - (62 - 32 - 105)).
115
Evaluate 9 + (-23 - -23 - 24) + 29 + -1 + -33.
-20
What is 35 + (24 - 6) - (0 + -2 + -2 + 1)?
56
What is the value of -127 + 133 + (28 - 101)?
-67
What is the value of 89 + (41 - 60) + -5?
65
Evaluate (-16 + (-11 - -23) - 10) + 16 - -11.
13
What is the value of -6 + -1 - (-831 - -822) - -19?
21
What is the value of 61 - -102 - (-11 + 155)?
19
(-12 - -4) + 449 + -393
48
What is (-6 - (2 - -2)) + (10 - -49)?
49
What is the value of (-25 - (-38 + 13)) + -11 - (-62 + 2)?
49
What is 66 + -62 + -14 + 56?
46
Evaluate 75 + 14 + -25 + -25 + 17 + 15.
71
What is the value of -39 + 36 + -5 + (-45 - 0) + -14?
-67
Calculate -35 